5)*-5) + 1. Suppose -3*g + 780 = v*d, 3*g - 4*d = -g + 1008. Calculate the greatest common factor of g and 8.
8
Let g(m) = -39*m + 169. Let d be g(5). Suppose 2 + 0 = -2*p. Let a be d/p*(-4)/(-8). Calculate the highest common factor of a and 13.
13
Let m = -8059 + 10199. What is the highest common divisor of m and 25?
5
Let j be (66196/57)/26*3. Calculate the highest common factor of 1072 and j.
134
Suppose 24*d - 19*d - 22950 = 5*n, 3*n = 0. What is the highest common factor of d and 17?
17
Suppose -15*u - 7*u = -396. Suppose 11*w - 9*w = 126. Calculate the greatest common factor of w and u.
9
Let j(l) = -3*l**2 - 204*l - 167. Let p be j(-67). Calculate the greatest common factor of p and 16.
2
Let g be (-7)/4*((-168)/22 + 52/(-143)). Calculate the highest common divisor of g and 994.
14
Let w be (-1)/(-2)*(-46 - -46). Suppose 2*f + x - 6 + 1 = 0, -f - 5*x - 2 = w. What is the highest common divisor of 11 and f?
1
Let u = -450 + 472. Calculate the greatest common divisor of 88 and u.
22
Let v = 23 - -31. Suppose -2*p + 4*d + 54 + 462 = 0, -3*p = -d - 774. Let x = p + -123. What is the highest common divisor of x and v?
27
Suppose 4*p - 612 + 33 = d, -3*p + 5*d = -447. Let n(c) = -c - 10. Let t be n(7). Let h = 53 + t. What is the greatest common factor of p and h?
36
Let n be -3*((-984)/18 - 7). What is the greatest common factor of 851 and n?
37
Suppose 0 = 5*a - 21 + 6, 3*z - 3*a = 72. Suppose 0 = -z*h + 29*h + 154. Let l = h + 133. What is the greatest common factor of 7 and l?
7
Suppose -3*z - 28 - 14 = 0. Let q = 2115 - 1155. Let j be q/140 + (-2)/z. Calculate the highest common factor of j and 2.
1
Suppose -3*b = 3*j, -j = -24*b + 22*b - 15. Let g = -7 - -23. Suppose -y = -j - g. What is the highest common divisor of 231 and y?
21
Suppose 4*v + 87 - 23 = 5*o, -50 = -4*o + 2*v. Suppose o*s = 9*s. Suppose -2*x + 3*x - 64 = s. Calculate the greatest common divisor of x and 96.
32
Let z = 26952 + -26720. Let y(r) = -r**2 + 9*r + 10. Let t be y(7). What is the highest common divisor of z and t?
8
Suppose -2*t = 332 - 350. Suppose x = 5*u - 160, -2*u + 164 + 316 = -3*x. Let a be 2/9 - x/9. What is the highest common factor of a and t?
9
Suppose 2*y + 0*t + 58 = -2*t, -t - 141 = 5*y. Let u = y + 32. Suppose -u*z + c = -269, 0*z + z + c = 71. Calculate the greatest common divisor of z and 17.
17
Suppose -3*n - 403 + 367 = -p, -5*p - 2*n + 112 = 0. Let z = -67 - -186. Let u = 1 + z. Calculate the greatest common divisor of u and p.
24
Suppose -5*o + 2*d - 21 = -20, -o = 3*d - 10. What is the highest common factor of o and 121?
1
Let k = -68 - -292. Suppose -k = 3*q + 4*q. Let r be (q/12 + 2)*-6. Calculate the greatest common divisor of 4 and r.
4
Let n(x) = -94*x + 673. Let t be n(7). Calculate the highest common divisor of 2955 and t.
15
Let d be 200*(-3 + 6 - (-8)/(-4)). Let m = -194 + d. Suppose 2*t - 1 = 11. Calculate the highest common divisor of m and t.
6
Let u = 24 + -21. Let i be (-120)/(-65) - 4/(-26). Suppose 5*v - i*s + 0*s = 169, -4*v + 4*s + 140 = 0. Calculate the greatest common factor of v and u.
3
Let r(f) = 107*f + 15. Let u be r(1). Suppose 4*v - 2*o - 71 - 47 = 0, 0 = -4*v - 2*o + u. What is the greatest common divisor of 96 and v?
6
Let g(k) = 609*k**2 - 4*k - 17. Let v be g(2). Calculate the highest common factor of v and 1.
1
Suppose 2*m - 92 = -y, 39 = -4*m + 31. Suppose 4*u + 624 = 5*p, 0*u - 392 = -3*p - 2*u. What is the greatest common divisor of y and p?
32
Let d(m) = 88*m**3 + 2*m**2 - 2*m - 1. Let n be d(1). Let o = -76 + n. Calculate the greatest common divisor of 176 and o.
11
Suppose -2848*m + 192 = -2836*m. What is the greatest common divisor of m and 1640?
8
Suppose 7*x + 306 = 1391. Let w be -6 + x/25 - 8/(-10). What is the greatest common divisor of w and 17?
1
Let j = 97 + 831. What is the greatest common factor of j and 128?
32
Suppose 2*j + 7*j + 90 = 0. Let u = j - -21. What is the highest common divisor of u and 649?
11
Let u = -200 + 453. Suppose -u = -2*r + r. What is the highest common divisor of 46 and r?
23
Let v = -458 - -755. Calculate the highest common factor of 264 and v.
33
Let g be 28/(-6)*(2 + -26). Let k = 150 + -149. Let b be k/(-6) - (0 + 485/(-30)). Calculate the highest common divisor of b and g.
16
Let m(o) be the third derivative of o**5/20 - o**3/3 + 8*o**2. Let f be m(3). Suppose 0 = j + 19 - f. Calculate the greatest common factor of 9 and j.
3
Suppose -4*f + 14*p = 10*p - 31840, 2*f + p - 15923 = 0. What is the highest common divisor of f and 38?
19
Let n = 31 + -47. Let k(u) = -u**2 - 21*u - 38. Let r be k(n). Calculate the highest common divisor of 21 and r.
21
Let s = -583 - -608. Suppose s*k - 15 = 10. What is the highest common factor of k and 3?
1
Let b(a) = -a**2 + 35*a - 71. Let j be b(24). Suppose -194*t = -j*t - 6. What is the greatest common factor of t and 18?
6
Suppose -8*x - 22 = -19*x. Suppose x*p = 3*f + 533, -216 = -3*p + f + 587. Calculate the highest common factor of p and 67.
67
Suppose -27*o - 152*o + 152150 = 0. Calculate the highest common factor of o and 1530.
170
Suppose r - 5*r = -4*i + 648, -4*i + 5*r + 646 = 0. Suppose -i = -17*v + 13*v. Calculate the greatest common factor of 82 and v.
41
Let q = 309 + 1163. What is the highest common factor of 128 and q?
64
Let x = -28108 - -28891. Calculate the highest common factor of 928 and x.
29
Let l(p) = -2*p**2 + 21*p - 12. Let w be l(10). Let s be (0 + w)/(2/(-36)). Let i be (-4 + 21/4)*s. What is the highest common divisor of 15 and i?
15
Suppose 4*z - 1134 = 2*m - 246, -z + 4*m + 201 = 0. What is the greatest common divisor of 2025 and z?
225
Let o be (-11 - -4)*-3 + 1. Let l = -29 - -27. Let m be (-45)/l + (-12)/24. Calculate the highest common divisor of m and o.
22
Let m = 85 + -70. Suppose 2*j - 2031 = -5*h, 5*h + 6*j - 2019 = 8*j. Calculate the highest common factor of h and m.
15
Let c be 5*-18*203/(-70). Calculate the highest common factor of 9 and c.
9
Suppose -m + b - 4*b + 153 = 0, -3*b + 639 = 4*m. Suppose 3*x - 26 = -8. Calculate the highest common divisor of m and x.
6
Let m(y) = -234*y - 8 + 451*y + 42*y**2 - 225*y. Let w be m(-1). Calculate the greatest common divisor of w and 56.
14
Let t(z) = 7*z**2 + 9 - 4*z**2 + 7 + 61*z. Let u be t(-21). What is the highest common factor of u and 29?
29
Let f be 2 - (15 + -2 - 12). Calculate the greatest common divisor of 186 and f.
1
Suppose -162 = -4*i - d, 5*i - 77 - 136 = -3*d. Let h = 1 + -2. Let z be 13*(h + 2)*1. Calculate the greatest common factor of i and z.
13
Let k = -108 - -113. Suppose -k*v + h = -95, 0*v - 4*h + 40 = v. Suppose 9*n - 5*n - 200 = 0. Calculate the greatest common factor of n and v.
10
Let b be (-119)/(35*2/(-30)). What is the highest common divisor of 357 and b?
51
Let t(v) = 98*v**2 + v - 1. Let a be t(1). Let k(l) = 27*l + 361. Let z be k(-13). Suppose 48 = z*s - 92. Calculate the greatest common factor of s and a.
14
Suppose q + 218 = 2*g, g - q = -4*q + 109. Suppose -3276 = g*i - 118*i. What is the highest common factor of i and 112?
28
Let v be ((-17)/(-34))/(2/8). Suppose 0 = -3*l - v*z + 36, 0 = -5*l - 13*z + 18*z + 60. What is the greatest common divisor of l and 1236?
12
Suppose -3*k - 3*m = -8*m - 1127, -4*k = -4*m - 1492. What is the greatest common factor of k and 3198?
123
Suppose -4*r = -0 - 16. Let v = -19145 + 19165. Calculate the greatest common divisor of r and v.
4
Let w = 2991 + -2962. Calculate the greatest common factor of 7 and w.
1
Suppose 6628*t + 192 = 6644*t. Calculate the highest common factor of 2652 and t.
12
Suppose -247*i + 7804 = -23*i - 2500. Let r be (2/(-4))/((-2)/736). What is the greatest common divisor of r and i?
46
Let h(i) be the third derivative of i**5/60 - 5*i**4/12 - i**3/3 + 37*i**2. Let z be h(-7). Let f = -5 + 18. Calculate the greatest common divisor of z and f.
13
Let m = 22883 + -22828. What is the highest common factor of 1683 and m?
11
Let c(y) = 4*y**2 - 4*y + 16. Let n be c(-5). Calculate the greatest common factor of n and 1598.
34
Suppose -4*h + 6*r = 3*r - 28, 2*r = -2*h. Let t be ((-6)/h)/(4*(-7)/(-56)). Let i be 9 + 2 - (-1 + t). What is the greatest common divisor of i and 75?
15
Suppose 2*h - 47 = -l, 95 + 81 = 3*l - h. Let s = 3 - 0. Calculate the highest c